{"id":4,"date":"2013-01-18T23:02:03","date_gmt":"2013-01-18T23:02:03","guid":{"rendered":"http:\/\/dirk-kunz.net\/?page_id=4"},"modified":"2015-09-06T11:15:42","modified_gmt":"2015-09-06T11:15:42","slug":"biographie","status":"publish","type":"page","link":"http:\/\/dirk-kunz.net\/?page_id=4","title":{"rendered":"Biographie"},"content":{"rendered":"<p>Ich wurde am 30.06.1984 in Quierschied im Saarland geboren.<\/p>\n<p>Meine musikalische Ausbildung begann im Alter von 6 Jahren an der Konzertgitarre. Dem Instrument blieb ich 10 Jahre treu.<\/p>\n<p>Mit 11 Jahren wurde mir von meinem damaligen Musiklehrer Freimut Mertes der E-Bass schmackhaft gemacht. Nachdem ich ein Jahr in der Schulbigband gespielt hatte, wurde ich in die Landessch\u00fclerbigband des Saarlandes beordert. Unterrichtet wurde ich in dieser Zeit von Martin Schmidt, Stefan Engelmann und Martin Weinert. Es folgten erste CD-Aufnahmen und eine Teilnahme an \u201eJugend Jazzt\u201c 1999, bei der ich eine Einzelf\u00f6rderung und unsere Band einen Workshop gewann. Neben diesem Jazz-Umfeld, war ich aber auch von Rock und Pop angetan. So kam es zu einer CD-Produktion der Band \u201eY\u201c, die Dreamtheater-\u00e4hnlichen Rock gespielt hat. Oder \u201eOutOffCage\u201c, einer Band, die mich noch bis zum 18. Lebensjahr begleitete, mit der wir Konzerte im Saarland mit einem Funk, Fusion und Pop-Repertoire gespielt haben.<\/p>\n<p>Der Schritt zum Kontrabass geschah mit 14 Jahren. Nach meinen ersten Erfahrungen im Bigbandspiel wurde ich ins Landesjugendjazzorchester des Saarlandes berufen. Der damalige Leiter Christoph Mudrich machte mir schnell klar, dass ich, wenn ich wirklich Bigband und Jazz spielen m\u00f6chte, unbedingt Kontrabass zu lernen h\u00e4tte. Der Kontakt zu Herrn August Sparenberg, pensionierter 1. Bassist des Saarl\u00e4ndischen Rundfunkorchesters war schnell hergestellt, und so begann ich meine ersten T\u00f6ne auf dem Kontrabass zu kratzen. Herrn Sparenberg habe ich\u00a0 es auch zu verdanken, dass ich Erfahrung im Orchestermusizieren sammeln konnte. Nach bestandener Aufnahmepr\u00fcfung im Landesjugendsymphonieorchesters des Saarlandes wurde ich dort f\u00fcr 4 Jahre Mitglied. F\u00fcr die Erfahrung, mit 5 B\u00e4ssen ein tiefes E fortissimo spielen zu d\u00fcrfen, dass die W\u00e4nde wackeln, bin ich noch bis heute sehr dankbar.<\/p>\n<p>Durch die Kontakte, die ich in den verschiedenen Jugendorchestern kn\u00fcpfen konnte, hatte ich unter anderem den Vorteil, bei vielen verschiedenen Dozenten Unterricht zu bekommen. Au\u00dferdem gr\u00fcndete ich mehrere Projekte, mit den Bekanntschaften aus den verschiedenen Jugendorchestern, mit denen ich meine ersten Erfahrungen mit Eigenkomposition, Arrangements und Auftritten au\u00dferhalb des Saarlandes machen konnte.<\/p>\n<p>Da bei allen B\u00fchnen- und Proberaumerfahrungen das Positive \u00fcberwog, war mein Berufswunsch klar. Nach bestandener Aufnahmepr\u00fcfung an der Mannheimer Hochschule f\u00fcr Musik und darstellende Kunst schloss sich ein erfolgreiches Studium des Kontrabasses bei Professor Thomas Stabenow an. W\u00e4hrend der Studienzeit wurde ich Konzertbassist des Bundesjugendjazzorchesters unter der Leitung von Peter Herbolzheimer. In dieser Zeit war ich f\u00fcr Herbolzheimer unter anderem als Dozent in der Ukraine, Russland, Frankreich und Deutschland t\u00e4tig. Sp\u00e4ter spielte ich in Herbolzheimers European Masterclass Big Band.<\/p>\n<p>Au\u00dferdem wurde ich Mitglied bei dem Modern Jazz Quartett ExChange. Dort erlebte ich mit Volker Engelberth, Tim Hurley und Christian Huber viele tolle Jahre. Wir haben einige Auszeichnungen gewonnen, 2 CDs produziert, eine Australientour gemacht und viele Konzerttouren durch Deutschland gespielt. Neben vielen kleinen Projekten wie Duette und Trios, mit Musikern aus Mannheim habe ich auch bei Kicks and Sticks, der Mannheimer Bigband, drei Jahre lang gespielt.<\/p>\n<p>Als es auf mein Diplom zuging gr\u00fcndete ich die Meat Magicians. Mein eigenes Trio, in dem eine Seite von mir pr\u00e4sentiert wird, die mich selber immer wieder \u00fcberrascht. Das erste Album &#8222;Frischfleisch&#8220; erschien 2009.<\/p>\n<p>Neben den festen Bands <a href=\"http:\/\/www.cloechards.de\/\" target=\"_blank\"><em>The Les Cl\u00f6chards<\/em><\/a>, den<a href=\"http:\/\/dirk-kunz.net\/?page_id=1206\"> <em>Meat Magicians<\/em><\/a>, dem <em><a href=\"http:\/\/dirk-kunz.net\/?page_id=1194\">Philipp Schug Quartett<\/a><\/em>\u00a0und zahlreichen anderen k\u00fcnstlerischen Projekten, hat mir aber auch immer das Unterrichten Spa\u00df gemacht. So wurde ich Dozent f\u00fcr klassische Gitarre Anf\u00e4nger, Kontra- und Ebass an der \u201eCasa Musica\u201c in Neustadt. Sogar ein einj\u00e4hriges Gastspiel am Gymnasium war mir verg\u00f6nnt. Dort unterrichtete ich 7., 9., und 10. Klassen.<\/p>\n<p>2012 wurde mein Sohn Noah geboren.<\/p>\n<p>Von Oktober 2013 bis Juni 2015 unterrichtete ich au\u00dferdem an der <a href=\"http:\/\/www.jazzscool.de\" target=\"_blank\">JazzScool Sulzbach <\/a>als Dozent f\u00fcr Jazz B\u00e4sse und Ensembles.<\/p>\n<p>Seit Sommer 2013 bin ich an der <a href=\"http:\/\/www.musikschule-marburg.de\" target=\"_blank\">Musikschule Marburg<\/a> f\u00fcr Kontrabass, E-Bass und Jazz-Ensemble zust\u00e4ndig.\u00a0Des weiteren gebe ich auch immer wieder <a href=\"http:\/\/dirk-kunz.net\/?page_id=170\">Workshops<\/a> \u00fcber Rhythmusgruppenzusammenspiel oder Masterclasses f\u00fcr Jazz Bass.<\/p>\n<p>Seit dem Wintersemester 2014 leite ich au\u00dferdem die <a href=\"http:\/\/dirk-kunz.net\/?page_id=1227\">Studierenden Bigband Marburg<\/a>.<\/p>\n<p>Diskographie in chronologischer Reihenfolge:<\/p>\n\n<table id=\"tablepress-1\" class=\"tablepress tablepress-id-1\">\n<thead>\n<tr class=\"row-1 odd\">\n\t<th class=\"column-1\">Jahr<\/th><th class=\"column-2\">Formation<\/th><th class=\"column-3\">Album<\/th>\n<\/tr>\n<\/thead>\n<tbody class=\"row-hover\">\n<tr class=\"row-2 even\">\n\t<td class=\"column-1\">2015<\/td><td class=\"column-2\">Philipp Schug Quartett<\/td><td class=\"column-3\">PSQ<\/td>\n<\/tr>\n<tr class=\"row-3 odd\">\n\t<td class=\"column-1\">2013<\/td><td class=\"column-2\"><a href=\"http:\/\/www.cloechards.de\" target=\"_blank\">The Les Cl\u00f6chards<\/a><\/td><td class=\"column-3\">Never Don't Not<\/td>\n<\/tr>\n<tr class=\"row-4 even\">\n\t<td class=\"column-1\">2010<\/td><td class=\"column-2\">The Meat Magicians<\/td><td class=\"column-3\">Frischfleisch<\/td>\n<\/tr>\n<tr class=\"row-5 odd\">\n\t<td class=\"column-1\">2008<\/td><td class=\"column-2\">ExChange<\/td><td class=\"column-3\">Tales And Turtles<\/td>\n<\/tr>\n<tr class=\"row-6 even\">\n\t<td class=\"column-1\">2008<\/td><td class=\"column-2\"><a href=\"http:\/\/www.simfy.de\/artists\/606494-Samuel-Jersak-Various-Artists\/albums\/440071-Jesus-bewegt\" target=\"_blank\">Kicks and Sticks<\/a><\/td><td class=\"column-3\">Jesus Bewegt<\/td>\n<\/tr>\n<tr class=\"row-7 odd\">\n\t<td class=\"column-1\">2008<\/td><td class=\"column-2\"><a href=\"http:\/\/www.cloechards.de\" target=\"_blank\">The Les Cl\u00f6chards<\/a><\/td><td class=\"column-3\">Nice \u00d6r Never<\/td>\n<\/tr>\n<tr class=\"row-8 even\">\n\t<td class=\"column-1\">2007<\/td><td class=\"column-2\">ExChange<\/td><td class=\"column-3\">A Lightfull Fashion<\/td>\n<\/tr>\n<tr class=\"row-9 odd\">\n\t<td class=\"column-1\">2006<\/td><td class=\"column-2\"><a href=\"http:\/\/www.cloechards.de\" target=\"_blank\">The Les Cl\u00f6chards<\/a><\/td><td class=\"column-3\">Dirty But Nice<\/td>\n<\/tr>\n<tr class=\"row-10 even\">\n\t<td class=\"column-1\">2006<\/td><td class=\"column-2\">Format Acht<\/td><td class=\"column-3\">Der Weg ist der Weg<\/td>\n<\/tr>\n<tr class=\"row-11 odd\">\n\t<td class=\"column-1\">2005<\/td><td class=\"column-2\"><a href=\"http:\/\/www.cloechards.de\" target=\"_blank\">The Les Cl\u00f6chards<\/a><\/td><td class=\"column-3\">Fearless And Dirty<\/td>\n<\/tr>\n<tr class=\"row-12 even\">\n\t<td class=\"column-1\">2003<\/td><td class=\"column-2\">Squaretett<\/td><td class=\"column-3\">Seasons<\/td>\n<\/tr>\n<tr class=\"row-13 odd\">\n\t<td class=\"column-1\">2002<\/td><td class=\"column-2\">Out Off Cage<\/td><td class=\"column-3\">Out Off Cage<\/td>\n<\/tr>\n<tr class=\"row-14 even\">\n\t<td class=\"column-1\">2002<\/td><td class=\"column-2\">Landesjugendjazzorchester des Saarlandes<\/td><td class=\"column-3\">Head Hunters<\/td>\n<\/tr>\n<tr class=\"row-15 odd\">\n\t<td class=\"column-1\">2001<\/td><td class=\"column-2\">Y (Why)<\/td><td class=\"column-3\">Dreamland<\/td>\n<\/tr>\n<tr class=\"row-16 even\">\n\t<td class=\"column-1\">1999<\/td><td class=\"column-2\">Landessch\u00fclerbigband des Saarlandes<\/td><td class=\"column-3\">Jazz Train<\/td>\n<\/tr>\n<\/tbody>\n<\/table>\n<!-- #tablepress-1 from cache -->\n","protected":false},"excerpt":{"rendered":"<p>Ich wurde am 30.06.1984 in Quierschied im Saarland geboren. Meine musikalische Ausbildung begann im Alter von 6 Jahren an der Konzertgitarre. Dem Instrument blieb ich 10 Jahre treu. Mit 11 Jahren wurde mir von meinem damaligen Musiklehrer Freimut Mertes der E-Bass schmackhaft gemacht. Nachdem ich ein Jahr in der Schulbigband gespielt hatte, wurde ich in [&hellip;]<\/p>\n","protected":false},"author":1,"featured_media":0,"parent":0,"menu_order":0,"comment_status":"open","ping_status":"open","template":"","meta":{"_monsterinsights_skip_tracking":false,"_monsterinsights_sitenote_active":false,"_monsterinsights_sitenote_note":"","_monsterinsights_sitenote_category":0},"_links":{"self":[{"href":"http:\/\/dirk-kunz.net\/index.php?rest_route=\/wp\/v2\/pages\/4"}],"collection":[{"href":"http:\/\/dirk-kunz.net\/index.php?rest_route=\/wp\/v2\/pages"}],"about":[{"href":"http:\/\/dirk-kunz.net\/index.php?rest_route=\/wp\/v2\/types\/page"}],"author":[{"embeddable":true,"href":"http:\/\/dirk-kunz.net\/index.php?rest_route=\/wp\/v2\/users\/1"}],"replies":[{"embeddable":true,"href":"http:\/\/dirk-kunz.net\/index.php?rest_route=%2Fwp%2Fv2%2Fcomments&post=4"}],"version-history":[{"count":13,"href":"http:\/\/dirk-kunz.net\/index.php?rest_route=\/wp\/v2\/pages\/4\/revisions"}],"predecessor-version":[{"id":1241,"href":"http:\/\/dirk-kunz.net\/index.php?rest_route=\/wp\/v2\/pages\/4\/revisions\/1241"}],"wp:attachment":[{"href":"http:\/\/dirk-kunz.net\/index.php?rest_route=%2Fwp%2Fv2%2Fmedia&parent=4"}],"curies":[{"name":"wp","href":"https:\/\/api.w.org\/{rel}","templated":true}]}}