{"id":1172,"date":"2015-09-06T07:39:01","date_gmt":"2015-09-06T07:39:01","guid":{"rendered":"http:\/\/dirk-kunz.net\/?page_id=1172"},"modified":"2015-09-06T13:33:36","modified_gmt":"2015-09-06T13:33:36","slug":"rhythmusgruppentraining","status":"publish","type":"page","link":"http:\/\/dirk-kunz.net\/?page_id=1172","title":{"rendered":"Rhythmusgruppentraining"},"content":{"rendered":"<p>Das Geheimnis einer guten Rhythmusgruppe ist ihre Variabilit\u00e4t und die F\u00e4higkeit, als Ganzes zu reagieren um den Solisten zu unterst\u00fctzen. Beim Rhythmusgruppentraining k\u00fcmmern wir uns deshalb um Interaktion innerhalb der Rhythmusgruppe. Hierzu gibt es je nach Stilistik verschiedene \u00dcbungen, die wir erstmal erlernen und dann im Spiel versuchen anzuwenden. Die Einheiten k\u00f6nnen ganz nach Bedarf angepasst werden. Ob Bigbandrhythmusgruppe oder Combo mit Bl\u00e4sern, die Erkenntnisse des Trainings nutzen jedem etwas.<\/p>\n<p>Bei Fragen zu detaillierten Inhalten oder dem Tarif k\u00f6nnt Ihr mir gerne eine <a href=\"mailto:dkunz.bass@gmail.com\">E-Mail<\/a> schreiben.<\/p>\n","protected":false},"excerpt":{"rendered":"<p>Das Geheimnis einer guten Rhythmusgruppe ist ihre Variabilit\u00e4t und die F\u00e4higkeit, als Ganzes zu reagieren um den Solisten zu unterst\u00fctzen. Beim Rhythmusgruppentraining k\u00fcmmern wir uns deshalb um Interaktion innerhalb der Rhythmusgruppe. Hierzu gibt es je nach Stilistik verschiedene \u00dcbungen, die wir erstmal erlernen und dann im Spiel versuchen anzuwenden. Die Einheiten k\u00f6nnen ganz nach Bedarf [&hellip;]<\/p>\n","protected":false},"author":1,"featured_media":0,"parent":170,"menu_order":7,"comment_status":"closed","ping_status":"closed","template":"","meta":{"_monsterinsights_skip_tracking":false,"_monsterinsights_sitenote_active":false,"_monsterinsights_sitenote_note":"","_monsterinsights_sitenote_category":0},"_links":{"self":[{"href":"http:\/\/dirk-kunz.net\/index.php?rest_route=\/wp\/v2\/pages\/1172"}],"collection":[{"href":"http:\/\/dirk-kunz.net\/index.php?rest_route=\/wp\/v2\/pages"}],"about":[{"href":"http:\/\/dirk-kunz.net\/index.php?rest_route=\/wp\/v2\/types\/page"}],"author":[{"embeddable":true,"href":"http:\/\/dirk-kunz.net\/index.php?rest_route=\/wp\/v2\/users\/1"}],"replies":[{"embeddable":true,"href":"http:\/\/dirk-kunz.net\/index.php?rest_route=%2Fwp%2Fv2%2Fcomments&post=1172"}],"version-history":[{"count":2,"href":"http:\/\/dirk-kunz.net\/index.php?rest_route=\/wp\/v2\/pages\/1172\/revisions"}],"predecessor-version":[{"id":1252,"href":"http:\/\/dirk-kunz.net\/index.php?rest_route=\/wp\/v2\/pages\/1172\/revisions\/1252"}],"up":[{"embeddable":true,"href":"http:\/\/dirk-kunz.net\/index.php?rest_route=\/wp\/v2\/pages\/170"}],"wp:attachment":[{"href":"http:\/\/dirk-kunz.net\/index.php?rest_route=%2Fwp%2Fv2%2Fmedia&parent=1172"}],"curies":[{"name":"wp","href":"https:\/\/api.w.org\/{rel}","templated":true}]}}