{"id":1146,"date":"2015-09-06T07:07:29","date_gmt":"2015-09-06T07:07:29","guid":{"rendered":"http:\/\/dirk-kunz.net\/?page_id=1146"},"modified":"2015-09-06T13:13:09","modified_gmt":"2015-09-06T13:13:09","slug":"improvisationsunterricht","status":"publish","type":"page","link":"http:\/\/dirk-kunz.net\/?page_id=1146","title":{"rendered":"Improvisationsunterricht"},"content":{"rendered":"<p>F\u00fcr alle, die gerne mal einen Blick in die Welt des Jazz werfen wollen. Unabh\u00e4ngig von Eurem Instrument k\u00f6nnt Ihr auch einzelne Stunden bei mir buchen. In diesen Stunden kann ich Euch ganz individuell nach Eurem Wissenstand die Jazz-Harmonielehre und deren Umsetzung n\u00e4her bringen. Wir erlernen grundlegende theoretische Vorraussetzungen f\u00fcr das Verstehen von Jazzliteratur und &#8211; damit verbunden &#8211; die praktische Umsetzung am Instrument. Wie lange und wie tief Ihr einsteigen und lernen wollt, h\u00e4ngt ganz von Euch ab.<\/p>\n<p>Bei Fragen zum Tarif, zu den vor Ort n\u00f6tigen Vorraussetzungen oder generell zum detaillierten Inhalt, k\u00f6nnt Ihr mir gerne eine <a href=\"mailto:dkunz.bass@gmx.de\">E-Mail<\/a> schreiben.<\/p>\n","protected":false},"excerpt":{"rendered":"<p>F\u00fcr alle, die gerne mal einen Blick in die Welt des Jazz werfen wollen. Unabh\u00e4ngig von Eurem Instrument k\u00f6nnt Ihr auch einzelne Stunden bei mir buchen. In diesen Stunden kann ich Euch ganz individuell nach Eurem Wissenstand die Jazz-Harmonielehre und deren Umsetzung n\u00e4her bringen. Wir erlernen grundlegende theoretische Vorraussetzungen f\u00fcr das Verstehen von Jazzliteratur und [&hellip;]<\/p>\n","protected":false},"author":1,"featured_media":0,"parent":170,"menu_order":3,"comment_status":"closed","ping_status":"closed","template":"","meta":{"_monsterinsights_skip_tracking":false,"_monsterinsights_sitenote_active":false,"_monsterinsights_sitenote_note":"","_monsterinsights_sitenote_category":0},"_links":{"self":[{"href":"http:\/\/dirk-kunz.net\/index.php?rest_route=\/wp\/v2\/pages\/1146"}],"collection":[{"href":"http:\/\/dirk-kunz.net\/index.php?rest_route=\/wp\/v2\/pages"}],"about":[{"href":"http:\/\/dirk-kunz.net\/index.php?rest_route=\/wp\/v2\/types\/page"}],"author":[{"embeddable":true,"href":"http:\/\/dirk-kunz.net\/index.php?rest_route=\/wp\/v2\/users\/1"}],"replies":[{"embeddable":true,"href":"http:\/\/dirk-kunz.net\/index.php?rest_route=%2Fwp%2Fv2%2Fcomments&post=1146"}],"version-history":[{"count":5,"href":"http:\/\/dirk-kunz.net\/index.php?rest_route=\/wp\/v2\/pages\/1146\/revisions"}],"predecessor-version":[{"id":1245,"href":"http:\/\/dirk-kunz.net\/index.php?rest_route=\/wp\/v2\/pages\/1146\/revisions\/1245"}],"up":[{"embeddable":true,"href":"http:\/\/dirk-kunz.net\/index.php?rest_route=\/wp\/v2\/pages\/170"}],"wp:attachment":[{"href":"http:\/\/dirk-kunz.net\/index.php?rest_route=%2Fwp%2Fv2%2Fmedia&parent=1146"}],"curies":[{"name":"wp","href":"https:\/\/api.w.org\/{rel}","templated":true}]}}